{"id":6130,"date":"2023-01-12T21:30:45","date_gmt":"2023-01-12T20:30:45","guid":{"rendered":"https:\/\/schmecktbesser.ch\/?post_type=product&#038;p=6130"},"modified":"2026-02-24T17:35:43","modified_gmt":"2026-02-24T16:35:43","slug":"salat-wuerzmischung-400g","status":"publish","type":"product","link":"https:\/\/schmecktbesser.yogalingam.ch\/index.php\/product\/salat-wuerzmischung-400g\/","title":{"rendered":"Salat W\u00fcrzmischung fixfertig, 400g glutenfrei, laktosefrei (Original Eschler)"},"content":{"rendered":"<p><strong>ORIGINAL ESCHLER<\/strong><\/p>\n<p>Ausgewogene Grundmischung f\u00fcr alle Salatsaucen.<\/p>\n<p>&nbsp;<\/p>\n<p><strong>Zubereitung:<\/strong><\/p>\n<p>F\u00fcr 3-4 Personen: ca. 1 TL Salat Fix mit 1 EL Essig und 2 EL \u00d6l. F\u00fcr 1 L Sauce: 100 g Salat-Fix, 3.5 dl Essig und 6.5 dl \u00d6l. Kr\u00e4ftig verr\u00fchren. Kann nach Belieben mit Naturjoghurt, Rahm, Kaffeerahm oder Quark angereichert werden.<\/p>\n<p>&nbsp;<\/p>\n<p><strong>Zusammensetzung:<\/strong><br \/>\nZwiebeln, Salz unjodiert, Zucker, Geschmacksverst\u00e4rker E621, Maltodextrin, Kr\u00e4uter, Maisst\u00e4rke, Hefeextrakt, Raps, Knoblauch, Pfeffer, Kartoffelst\u00e4rke<\/p>\n","protected":false},"excerpt":{"rendered":"<p>ORIGINAL ESCHLER Ausgewogene Grundmischung f\u00fcr alle Salatsaucen. &nbsp; Zubereitung: F\u00fcr 3-4 Personen: ca. 1 TL Salat Fix mit 1 EL Essig und 2 EL \u00d6l. F\u00fcr 1 L Sauce: 100 g Salat-Fix, 3.5 dl Essig und 6.5 dl \u00d6l. Kr\u00e4ftig verr\u00fchren. Kann nach Belieben mit Naturjoghurt, Rahm, Kaffeerahm oder Quark angereichert werden. &nbsp; Zusammensetzung: Zwiebeln, [&hellip;]<\/p>\n","protected":false},"featured_media":6329,"template":"","meta":[],"product_brand":[],"product_cat":[262,259],"product_tag":[],"class_list":{"0":"post-6130","1":"product","2":"type-product","3":"status-publish","4":"has-post-thumbnail","6":"product_cat-salatgold","7":"product_cat-vegetarische-wuerzmischungen","9":"first","10":"instock","11":"taxable","12":"shipping-taxable","13":"purchasable","14":"product-type-simple"},"_links":{"self":[{"href":"https:\/\/schmecktbesser.yogalingam.ch\/index.php\/wp-json\/wp\/v2\/product\/6130","targetHints":{"allow":["GET"]}}],"collection":[{"href":"https:\/\/schmecktbesser.yogalingam.ch\/index.php\/wp-json\/wp\/v2\/product"}],"about":[{"href":"https:\/\/schmecktbesser.yogalingam.ch\/index.php\/wp-json\/wp\/v2\/types\/product"}],"wp:featuredmedia":[{"embeddable":true,"href":"https:\/\/schmecktbesser.yogalingam.ch\/index.php\/wp-json\/wp\/v2\/media\/6329"}],"wp:attachment":[{"href":"https:\/\/schmecktbesser.yogalingam.ch\/index.php\/wp-json\/wp\/v2\/media?parent=6130"}],"wp:term":[{"taxonomy":"product_brand","embeddable":true,"href":"https:\/\/schmecktbesser.yogalingam.ch\/index.php\/wp-json\/wp\/v2\/product_brand?post=6130"},{"taxonomy":"product_cat","embeddable":true,"href":"https:\/\/schmecktbesser.yogalingam.ch\/index.php\/wp-json\/wp\/v2\/product_cat?post=6130"},{"taxonomy":"product_tag","embeddable":true,"href":"https:\/\/schmecktbesser.yogalingam.ch\/index.php\/wp-json\/wp\/v2\/product_tag?post=6130"}],"curies":[{"name":"wp","href":"https:\/\/api.w.org\/{rel}","templated":true}]}}