{"id":6138,"date":"2023-01-12T20:23:09","date_gmt":"2023-01-12T19:23:09","guid":{"rendered":"https:\/\/schmecktbesser.ch\/?post_type=product&#038;p=6138"},"modified":"2025-02-16T12:07:09","modified_gmt":"2025-02-16T11:07:09","slug":"wuerzmischung-fleisch-und-raclette-900g","status":"publish","type":"product","link":"https:\/\/schmecktbesser.yogalingam.ch\/index.php\/product\/wuerzmischung-fleisch-und-raclette-900g\/","title":{"rendered":"W\u00fcrzmischung f\u00fcr Fleisch und Raclette 900g Original Eschler-Rezeptur"},"content":{"rendered":"<p><strong>ORIGINAL ESCHLER<\/strong><\/p>\n<p>GLUTEN- u. LACTOSEFREI, OHNE PALM\u00d6L<\/p>\n<p><strong>Anwendung:<\/strong><br \/>\nVor oder nach dem Anbraten auf das Bratgut streuen. Auch zum Nachw\u00fcrzen geeignet.<\/p>\n<p><strong>Zusammensetzung:<\/strong><br \/>\nKochsalz unjodiert, Geschmacksverst\u00e4rker: Glutamat E621. Hefe, Gew\u00fcrze, Curry, Paprika, Pfeffer, Koriander, Majoran, Knoblauch, Zwiebeln, Petersilien.<\/p>\n<p>Gut verschlossen und trocken lagern.<\/p>\n","protected":false},"excerpt":{"rendered":"<p>Zum W\u00fcrzen aller Fleischsorten, Raclette. Sehr gut geeignet zum Grillen und zur Herstellung von Marinaden. Speziell auch f\u00fcr Gefl\u00fcgelfleisch. GLUTEN- u. LACTOSEFREI, OHNE PALM\u00d6L<\/p>\n","protected":false},"featured_media":6309,"template":"","meta":[],"product_brand":[],"product_cat":[265,264,257],"product_tag":[],"class_list":{"0":"post-6138","1":"product","2":"type-product","3":"status-publish","4":"has-post-thumbnail","6":"product_cat-spezialwuerzmischung-fuer-fleisch","7":"product_cat-verkaufshit","8":"product_cat-wuerzmischung-fuer-fleisch","10":"first","11":"instock","12":"taxable","13":"shipping-taxable","14":"purchasable","15":"product-type-simple"},"_links":{"self":[{"href":"https:\/\/schmecktbesser.yogalingam.ch\/index.php\/wp-json\/wp\/v2\/product\/6138","targetHints":{"allow":["GET"]}}],"collection":[{"href":"https:\/\/schmecktbesser.yogalingam.ch\/index.php\/wp-json\/wp\/v2\/product"}],"about":[{"href":"https:\/\/schmecktbesser.yogalingam.ch\/index.php\/wp-json\/wp\/v2\/types\/product"}],"wp:featuredmedia":[{"embeddable":true,"href":"https:\/\/schmecktbesser.yogalingam.ch\/index.php\/wp-json\/wp\/v2\/media\/6309"}],"wp:attachment":[{"href":"https:\/\/schmecktbesser.yogalingam.ch\/index.php\/wp-json\/wp\/v2\/media?parent=6138"}],"wp:term":[{"taxonomy":"product_brand","embeddable":true,"href":"https:\/\/schmecktbesser.yogalingam.ch\/index.php\/wp-json\/wp\/v2\/product_brand?post=6138"},{"taxonomy":"product_cat","embeddable":true,"href":"https:\/\/schmecktbesser.yogalingam.ch\/index.php\/wp-json\/wp\/v2\/product_cat?post=6138"},{"taxonomy":"product_tag","embeddable":true,"href":"https:\/\/schmecktbesser.yogalingam.ch\/index.php\/wp-json\/wp\/v2\/product_tag?post=6138"}],"curies":[{"name":"wp","href":"https:\/\/api.w.org\/{rel}","templated":true}]}}