{"id":7182,"date":"2024-05-05T14:29:15","date_gmt":"2024-05-05T12:29:15","guid":{"rendered":"https:\/\/schmecktbesser.ch\/?post_type=product&#038;p=7182"},"modified":"2024-10-29T07:22:33","modified_gmt":"2024-10-29T06:22:33","slug":"lungenfit-und-abwehrkraft-kapseln-natuerliche-ihaltsstoffe-zur-30-tage-versorgung-inhalt-60-kapseln-fuellmenge-344-g-unterstuetzung-der-lungenkraft-und-des-immunsystems","status":"publish","type":"product","link":"https:\/\/schmecktbesser.ch\/index.php\/product\/lungenfit-und-abwehrkraft-kapseln-natuerliche-ihaltsstoffe-zur-30-tage-versorgung-inhalt-60-kapseln-fuellmenge-344-g-unterstuetzung-der-lungenkraft-und-des-immunsystems\/","title":{"rendered":"Lungenfit und Abwehrkraft Kapseln Nat\u00fcrliche Inhaltsstoffe zur unterst\u00fctzung der Lungenkraft und des Immunsystems 30 Tage Versorgung  Inhalt: 60 Kapseln F\u00fcllmenge: 34,4 g. UNTERST\u00dcTZUNG DER LUNGENKRAFT UND DES IMMUNSYSTEMS"},"content":{"rendered":"<p><b>F\u00fcr eine\u00a0abwehrstarke Lunge<\/b><\/p>\n<p><strong>Nat\u00fcrliche Kraft f\u00fcr Lunge\u00a0und Immunsystem von PlantaVis<\/strong><\/p>\n<h5>Lungenfit\u00a0Abwehrkraft Kapseln f\u00fcr eine gesunde und abwehrstarke Lunge &#8211; Der nat\u00fcrliche Lungenkraft-Komplex\u00a0von PlantaVis<\/h5>\n<p>Nahrungserg\u00e4nzungsmittel mit \u00a0Isl\u00e4ndisches\u00a0Moos Extrakt, Acerola Extrakt (Vitamin C), Meerrettich, Pulver, Reishi Pulver, Olivenblatt Pulver, S\u00fcssholzwurzel Pulver, Pfefferminzblatt Pulver, Eukalyptus\u00f6l, Moringablatt Pulver, Salbeibl\u00e4tter Pulver, Malvenbl\u00e4tter Extrakt, Vitamin E, Bambussprossen Extrakt (Silicium),\u00a0Natriumselenitpentahydrat\u00a0&#8211; hochwertiges Qualit\u00e4tsprodukt von PlantaVis<\/p>\n<h5>Pro Jahr sterben etwa drei bis vier Millionen Menschen weiltweit an einer Lungenentz\u00fcngung<\/h5>\n<p>Fallen Ihnen banale k\u00f6rperliche Anstrengungen\u00a0wie Treppensteigen schwer? Sind Sie schnell ausser Atem? Bekommen Sie leicht Atemnot?<br \/>\nMeist kommen einem zu wenig Sport oder Rauchen zuerst in den Sinn. Ein weiterer Grund ist &#171;das Alter&#187;, warum immer \u00f6fter der Aufzug statt der Treppe benutzt wird. Menschen schonen sich gerne und versuchen Belastungen m\u00f6glichst zu vermeiden oder zu umgehen. Sp\u00e4testens dann wenn sie bemerken, dass sie nicht mehr so k\u00f6nnen, wie sie eigentlich\u00a0m\u00f6chten, sollten Sie aktiv werden.<\/p>\n<h5>Die Lungengesundheit auf nat\u00fcrliche Weise unterst\u00fctzen<\/h5>\n<p>Die Lunge geh\u00f6rt zu den gr\u00f6ssten Organen unseres K\u00f6rpers, sie ist nicht nur lebenswichtig \u2013 eine gesunde Lungenaktivit\u00e4t ist auch eine elementare Voraussetzung f\u00fcr eine gute allgemeine Verfassung und das Wohlbefinden. Allerdings ist unsere Lunge vielf\u00e4ltigen Belastungen ausgesetzt, beginnend bei \u00e4usseren Einfl\u00fcssen wie belastete Atemluft \u00fcber die pers\u00f6nliche Lebensweise bis hin zu genetischen Faktoren. In Westeuropa ist die Lungenentz\u00fcngung unter allen Infektionskrankheiten die h\u00e4ufigste Todesursache. Eine Lungenentz\u00fcndung ist eine akute oder chronische Entz\u00fcndung des Lungengewebes. Meist entsteht sie durch eine Infektion mit Bakterien, Viren oder Pilzen. All das sind gute Gr\u00fcnde, die Lunge auf nat\u00fcrliche Weise zu unterst\u00fctzen.<\/p>\n<h5>Die Lunge als Hochleistungsorgan<\/h5>\n<p>Jeden Tag nimmt unsere Lunge rund 10.000 Liter Luft auf und gibt sie wieder ab. In der Regel betr\u00e4gt die Gesamtoberfl\u00e4che aller Lungenbl\u00e4schen 100 Quadratmeter. Diese Fl\u00e4che ist unerl\u00e4sslich, um unseren K\u00f6rper auch bei Anstrengung mit ausreichend Sauersstoff zu versorgen. Damit ist die Lunge nicht nur ein Hochleistungsorgan, sie ist auch allen Schadstoffen ausgesetzt, die sich in der Atemluft befinden. Aber auch Umweltgifte, die \u00fcber die Nahrung aufgenommen werden sowie Rauchen, k\u00f6nnen die Lunge sch\u00e4digen. Und auch die gesamte N\u00e4hrstoffversorgung des K\u00f6rpers wirkt sich auf die Lungengesundheit aus.<\/p>\n<p>Vor allem frische Lebensmittel, die reich an den Vitaminen C und E sind, unterst\u00fctzen die Lunge. Auch Antioxidantien und Flavonoide sowie schleiml\u00f6sende Inhaltsstoffe haben eine positive Wirkung. Gleichzeitig ist alles, was das Immunsystem st\u00e4rkt, ebenfalls gut f\u00fcr eine gesunde Lungenfunktion, da so viele Infektionen wirkungsvoll verhindert oder gemildert werden k\u00f6nnen.<\/p>\n<h5>Nat\u00fcrliche Heilkr\u00e4fte nutzen<\/h5>\n<p>Die Lungenfit Abwehrkraft Kapseln enthalten\u00a0neben den Vitaminen C und E, die beide dazu beitragen, die Zellen vor oxidativem Stress zu sch\u00fctzen, eine abgestimmte Mischung an Inhaltsstoffen, die unsere Lunge auf nat\u00fcrliche Weise unterst\u00fctzen und die k\u00f6rpereigene Immunkraft st\u00e4rken k\u00f6nnen: Isl\u00e4ndisch Moos mit seinen Bitterstoffen, Flechtens\u00e4uren und Schleimstoffen ist ein bew\u00e4hrter Schleimhautschutz; Meerrettich enth\u00e4lt neben Vitaminen und Flavonoiden Senf\u00f6lglykoside, auf die seine aktivierende Wirkung auf das Immunsystem zur\u00fcckzuf\u00fchren ist; S\u00fcssholzwurzel mit seinen Saponinen ist in vielen Hustenmitteln wegen des schleiml\u00f6senden Effekts enthalten; Pfefferminze hingegen entspannt und weitet die Atemwege ebenso wie das aus dem Eukalyptus gewonnene Cineol, das ebenfalls bei Atemwegserkrankungen eingesetzt wird. Weiterhin enth\u00e4lt Lungenfit:\u200b<\/p>\n<ul>\n<li>Vitamin E tr\u00e4gt dazu bei, die Zellen vor oxidativem Stress zu sch\u00fctzen<\/li>\n<li>Selen tr\u00e4gt zu einer normalen Funktion des Immunsystems bei<\/li>\n<\/ul>\n<h5>Nat\u00fcrliche Inhaltsstoffe<\/h5>\n<p>Die Inhaltsstoffe unserer AbwehrKraft Kapseln machen sie so besonders.<\/p>\n<ul>\n<li>Isl\u00e4ndisches Moos \u2013 mit Bitterstoffen, Flechtens\u00e4uren und\u00a0Schleimstoffen<\/li>\n<li>Meerrettich enth\u00e4lt, neben Vitaminen und Flavonoiden, auch\u00a0Senf\u00f6lglykoside<\/li>\n<li>S\u00fcssholzwurzel enthalt die Bitterstoffe Saponine, die eine grosse\u00a0Strukturvielfalt besitzen<\/li>\n<li>Reishi, ein sehr beliebter Vitalpilz<\/li>\n<li>Moringa, neben dem Meerrettich eine weitere Quelle f\u00fcr\u00a0Senf\u00f6lglykoside sowie Lieferant von Vitaminen und Mineralstoffen<\/li>\n<li>Salbei mit \u00e4therischen \u00d6len<\/li>\n<li>Malvenbl\u00e4tter, die reichlich Schleimstoffe enthalten<\/li>\n<li>Eukalyptus\u00f6l unterst\u00fctzt die Funktion der Atemwege<\/li>\n<\/ul>\n<p>Zusammen mit den ebenfalls enthaltenen Vitaminen sowie Selen und Silizium erhalten Sie eine ausgew\u00e4hlte Kombination aus nat\u00fcrlichen Inhaltsstoffen f\u00fcr eine\u00a0 abwehrstarke Lunge.<\/p>\n<h5>Tipp:<\/h5>\n<p>Unsere Lungen lieben frische Luft, die obendrein gut f\u00fcr den ganzen K\u00f6rper ist. Bewegung an frischer Luft st\u00e4rkt die Lungen und f\u00f6rdert ihr Volumen. Falls Sie nicht raus in die Natur k\u00f6nnen \u2013 denken Sie daran, Ihr Zimmer oder B\u00fcro regelm\u00e4ssig zu l\u00fcften. Und halten Sie die oberen Atemwege feucht (beispielsweise mit Nasendusche und -salbe, Salbei- oder Isl\u00e4ndisch-Moos-Tee), so haben es Erreger schwerer, bis in die Lunge vorzudringen.<\/p>\n<h5>Neuer Name, gleiche nat\u00fcrliche Inhaltsstoffe.<\/h5>\n<h3><\/h3>\n<p>&nbsp;<\/p>\n<h5>Anwendung:<\/h5>\n<p>T\u00e4glich zwei\u00a0Kapseln mit ausreichend Fl\u00fcssigkeit nach dem Fr\u00fchst\u00fcck oder vor k\u00f6rperlicher Aktivit\u00e4t einnehmen.\u00a0Die Produkte sollten langfristig und konsequent angewandt werden, denn nur so ist es gew\u00e4hrleistet, dass die hochwertigen Wirkstoffe die gew\u00fcnschten Ergebnisse erzielen.<br \/>\nEine Dose reicht f\u00fcr einen Monatsbedarf und ist f\u00fcr eine dauerhafte Anwendung geeignet.<\/p>\n<p><strong>Zutaten:<\/strong><\/p>\n<p>https:\/\/www.plantavis.ch\/de\/produkte\/immunsystemd-de\/Lungenfit\/?oid=3148&#038;lang=de&#038;gad_source=1&#038;gclid=Cj0KCQjw7Py4BhCbARIsAMMx-_Je_CYxLWiA-8ysuS8CRoYfDys4HrS7UZZHdAOeXQ3n24VWsUVb9nwaAoMUEALw_wcB#:~:text=Kapselh%C3%BClle%3A%20Isl%C3%A4ndisches%C2%A0Moos,Extrakt%20(Silicium)%2C%20Natriumselenitpentahydrat<\/p>\n<p><strong>Zusammensetzung:<\/strong><\/p>\n<p>Zusammensetzungpro Tagesdosis 2 KapselnRM (%)<\/p>\n<div>Isl\u00e4ndisches Moos Extrakt 4:1<\/div>\n<div>160.00 mg<\/div>\n<div>**<\/div>\n<div>Meerrettich Pulver<\/div>\n<div>120.00 mg<\/div>\n<div>**<\/div>\n<div>Reishi-Pulver<\/div>\n<div>100.00 mg<\/div>\n<div>**<\/div>\n<div>Olivenblatt Pulver<\/div>\n<div>60.00 mg<\/div>\n<div>**<\/div>\n<div>S\u00fcssholzwurzel Pulver<\/div>\n<div>60.00 mg<\/div>\n<div>**<\/div>\n<div>Pfefferminzblatt Pulver<\/div>\n<div>60.00 mg<\/div>\n<div>**<\/div>\n<div>Eukalyptus\u00f6l<\/div>\n<div>40.00 mg<\/div>\n<div>**<\/div>\n<div>Moringa Blattpulver<\/div>\n<div>40.00 mg<\/div>\n<div>**<\/div>\n<div>Salbeibl\u00e4tter gemahlen<\/div>\n<div>40.00 mg<\/div>\n<div>**<\/div>\n<div>Malvenbl\u00e4tter Extrakt<\/div>\n<div>20.00 mg<\/div>\n<div>**<\/div>\n<div>Acerola Pulver Extrakt Vitamin C<\/div>\n<div>160.00 mg<\/div>\n<p>**-davon\u00a0Vitamin C (25%)40.00 mg50.00 %<\/p>\n<div>Vitamin E<\/div>\n<div>6.00 mg<\/div>\n<div>50.02\u00a0%<\/div>\n<div>Selen<\/div>\n<div>55.00\u00a0\u03bcg<\/div>\n<div>100.00%<\/div>\n<p>Bambussprossen Extrakt10.00 mg**- davon Silicium (75%)7.50 mg**\u00a0\u00a0\u00a0RM(%): Referenzmengen (f\u00fcr den durchschnittlichen Erwachsenen) nach LMIV\u00a0** keine Empfehlung vorhanden<\/p>\n<p><strong>Hinweis:<\/strong><\/p>\n<p>Die angegebene empfohlene t\u00e4gliche Verzehrsmenge darf nicht \u00fcberschritten werden. Nahrungserg\u00e4nzungsmittel sollten nicht als Ersatz f\u00fcr eine ausgewogene und abwechslungsreiche Ern\u00e4hrung verwendet werden. Ausserhalb der Reichweite von Kindern aufbewahren.\u00a0Lagern Sie das Produkt trocken, lichtgesch\u00fctzt und nicht \u00fcber 25\u00b0C.<\/p>\n<p>Benutzen Sie dieses Produkt nicht, wenn das Sicherheitssiegel besch\u00e4digt ist.<\/p>\n<p>Wenn Sie schwanger sind oder stillen, kontaktieren\u00a0Sie bitte Ihren Arzt, bevor Sie das Produkt benutzen.<\/p>\n","protected":false},"excerpt":{"rendered":"<p>F\u00fcr eine\u00a0abwehrstarke Lunge Nat\u00fcrliche Kraft f\u00fcr Lunge\u00a0und Immunsystem von PlantaVis Lungenfit\u00a0Abwehrkraft Kapseln f\u00fcr eine gesunde und abwehrstarke Lunge &#8211; Der nat\u00fcrliche Lungenkraft-Komplex\u00a0von PlantaVis Nahrungserg\u00e4nzungsmittel mit \u00a0Isl\u00e4ndisches\u00a0Moos Extrakt, Acerola Extrakt (Vitamin C), Meerrettich, Pulver, Reishi Pulver, Olivenblatt Pulver, S\u00fcssholzwurzel Pulver, Pfefferminzblatt Pulver, Eukalyptus\u00f6l, Moringablatt Pulver, Salbeibl\u00e4tter Pulver, Malvenbl\u00e4tter Extrakt, Vitamin E, Bambussprossen Extrakt (Silicium),\u00a0Natriumselenitpentahydrat\u00a0&#8211; hochwertiges Qualit\u00e4tsprodukt &hellip;<\/p>\n<p class=\"read-more\"> <a class=\"\" href=\"https:\/\/schmecktbesser.ch\/index.php\/product\/lungenfit-und-abwehrkraft-kapseln-natuerliche-ihaltsstoffe-zur-30-tage-versorgung-inhalt-60-kapseln-fuellmenge-344-g-unterstuetzung-der-lungenkraft-und-des-immunsystems\/\"> <span class=\"screen-reader-text\">Lungenfit und Abwehrkraft Kapseln Nat\u00fcrliche Inhaltsstoffe zur unterst\u00fctzung der Lungenkraft und des Immunsystems 30 Tage Versorgung  Inhalt: 60 Kapseln F\u00fcllmenge: 34,4 g. UNTERST\u00dcTZUNG DER LUNGENKRAFT UND DES IMMUNSYSTEMS<\/span> Weiterlesen &raquo;<\/a><\/p>\n","protected":false},"featured_media":7183,"template":"","meta":{"site-sidebar-layout":"default","site-content-layout":"default","ast-global-header-display":"","ast-main-header-display":"","ast-hfb-above-header-display":"","ast-hfb-below-header-display":"","ast-hfb-mobile-header-display":"","site-post-title":"","ast-breadcrumbs-content":"","ast-featured-img":"","footer-sml-layout":"","theme-transparent-header-meta":"default","adv-header-id-meta":"","stick-header-meta":"","header-above-stick-meta":"","header-main-stick-meta":"","header-below-stick-meta":""},"product_brand":[],"product_cat":[15,270],"product_tag":[],"class_list":{"0":"post-7182","1":"product","2":"type-product","3":"status-publish","4":"has-post-thumbnail","6":"product_cat-uncategorized","7":"product_cat-nahrungsergaenzung","8":"desktop-align-center","9":"tablet-align-center","10":"mobile-align-center","12":"first","13":"instock","14":"taxable","15":"shipping-taxable","16":"purchasable","17":"product-type-simple"},"_links":{"self":[{"href":"https:\/\/schmecktbesser.ch\/index.php\/wp-json\/wp\/v2\/product\/7182","targetHints":{"allow":["GET"]}}],"collection":[{"href":"https:\/\/schmecktbesser.ch\/index.php\/wp-json\/wp\/v2\/product"}],"about":[{"href":"https:\/\/schmecktbesser.ch\/index.php\/wp-json\/wp\/v2\/types\/product"}],"wp:featuredmedia":[{"embeddable":true,"href":"https:\/\/schmecktbesser.ch\/index.php\/wp-json\/wp\/v2\/media\/7183"}],"wp:attachment":[{"href":"https:\/\/schmecktbesser.ch\/index.php\/wp-json\/wp\/v2\/media?parent=7182"}],"wp:term":[{"taxonomy":"product_brand","embeddable":true,"href":"https:\/\/schmecktbesser.ch\/index.php\/wp-json\/wp\/v2\/product_brand?post=7182"},{"taxonomy":"product_cat","embeddable":true,"href":"https:\/\/schmecktbesser.ch\/index.php\/wp-json\/wp\/v2\/product_cat?post=7182"},{"taxonomy":"product_tag","embeddable":true,"href":"https:\/\/schmecktbesser.ch\/index.php\/wp-json\/wp\/v2\/product_tag?post=7182"}],"curies":[{"name":"wp","href":"https:\/\/api.w.org\/{rel}","templated":true}]}}