{"id":7193,"date":"2024-05-05T15:09:40","date_gmt":"2024-05-05T13:09:40","guid":{"rendered":"https:\/\/schmecktbesser.ch\/?post_type=product&#038;p=7193"},"modified":"2024-10-27T11:49:25","modified_gmt":"2024-10-27T10:49:25","slug":"beauty-collagen-drink-pulver-collagen-und-zink-traegt-zur-erhaltung-normaler-haut-bei-30-tage-versorgung-inhalt-300g","status":"publish","type":"product","link":"https:\/\/schmecktbesser.yogalingam.ch\/index.php\/product\/beauty-collagen-drink-pulver-collagen-und-zink-traegt-zur-erhaltung-normaler-haut-bei-30-tage-versorgung-inhalt-300g\/","title":{"rendered":"Beauty Collagen Drink Pulver Collagen und Zink tr\u00e4gt zur Erhaltung normaler Haut bei 30 Tage Versorgung  Inhalt: 300g"},"content":{"rendered":"<p><strong>Gutes f\u00fcr die Haut<\/strong><\/p>\n<p><strong>Beauty Collagen Drink Pulver mit Zink zur Erhaltung normaler Haut<\/strong><\/p>\n<p>Nahrungserg\u00e4nzungsmittel mit\u00a0Collagenhydrolysat, Fructose kristallin, schwarze Johannisbeere Pulver,\u00a0Hagebutten Pulver, Berry Mix, Rote Beete Pulver, Aroma: Johannisbeere, Vitamin C,\u00a0Zitronens\u00e4ure, Zinksulfat, D-L-alpha Tocopherylacetat, Mangangluconat, Pyridoxinhydrochlorid\u00a0&#8211; hochwertiges Qualit\u00e4tsprodukt von PlantaVis.<\/p>\n<h5>Beauty Collagen Drink mit Zink zur Erhaltung normaler Haut\u00a0von PlantaVis<\/h5>\n<p>Gutes f\u00fcr die Haut, Haare, N\u00e4gel und Bindegewebe.<\/p>\n<p>Die Beauty Kur von Innen mit Collagenhydrolysat f\u00fcr erh\u00f6hte Hautfeuchtigkeit, unterst\u00fctzt die\u00a0Haut gegen Falten und Linien.<\/p>\n<h5>Die Haut \u2013 ein wahres Wunderwerk<\/h5>\n<p>Collagen\u00a0und insbesondere Collagenhydrolysat wird von gesundheitsbewussten Menschen gesch\u00e4tzt, die Wert auf eine sch\u00f6ne, gesunde und straffe Haut legen. Mit \u201eCollagen\u00a0\u2013 Gutes f\u00fcr die Haut\u201c besteht die M\u00f6glichkeit, dem altersbedingten Abbau von\u00a0Kollagen\u00a0entgegenzuwirken. Die Haut kann mehr Feuchtigkeit speichern, was zu einem verbesserten Hautbild f\u00fchrt.<\/p>\n<h5>Kaum etwas macht attraktiver als eine gesunde Haut<\/h5>\n<p>Die Haut ist bekanntlich unser gr\u00f6sstes Organ, das bis zu 15 Prozent des gesamten K\u00f6rpergewichts ausmacht. Alle 28 Tage erneuert sie sich. In einem einzigen Quadratzentimeter unserer Haut befinden sich unglaubliche 600.000 Zellen, 150.000 Pigmentzellen, 5.000 Sinneszellen, 100 Schweissdr\u00fcsen, 15 Talgdr\u00fcsen, 5 Haare, 4 Meter Nervenbahnen und ein Meter Blutgef\u00e4sse. Die Haut ist ein feiner Sensor f\u00fcr viele unserer Sinneswahrnehmungen, ein wichtiges Element bei der Regulation der K\u00f6rpertemperatur und Schutzh\u00fclle f\u00fcr unseren K\u00f6rper in einem.<\/p>\n<p>Im menschlichen K\u00f6rper ist Collagen mit \u00fcber 30 % Anteil an der Gesamtmasse aller Proteine das h\u00e4ufigst vorkommende Eiweiss. Es ist ein wesentlicher organischer Bestandteil des Bindegewebes und wirkt wie ein flexibles Ger\u00fcst und verleiht Geweben wie Haut, N\u00e4gel, Haare, Knochen, Z\u00e4hne, Knorpel, Sehnen, B\u00e4nder, Lunge und\u00a0 Blutgef\u00e4ssen Elastizit\u00e4t, Reissfestigkeit und Druckresistenz.<\/p>\n<h5>Collagenr\u00fcckgang im Alter, bei Stress und grosser Belastung<\/h5>\n<p>Einer der organischen Hauptbestandteile der Haut ist mit bis zu 80\u00a0Prozent das\u00a0Kollagen, das wiederum das am h\u00e4ufigsten vorkommende Protein im menschlichen K\u00f6rper ist. Collagen\u00a0ist das wichtigste St\u00fctz- und Strukturprotein des menschlichen K\u00f6rpers, insbesondere des Bindegewebes und der Haut. Es verleiht unserer Haut eine nat\u00fcrliche Stabilit\u00e4t und Spannkraft.<\/p>\n<p>Der K\u00f6rper kann Collagen\u00a0selbst produzieren, allerdings l\u00e4sst die Produktion von Collagen\u00a0ab etwa dem 25. bis 30.\u00a0Lebensjahr stetig nach. Die Folge: Ab einem gewissen Alter nehmen die Falten sichtbar zu, Oberarme und Schenkel werden schlaffer. Auch die Gelenkknorpel bauen sich im Alter st\u00e4rker ab.<\/p>\n<p>Unser K\u00f6rper kann Collagen\u00a0nicht speichern \u2013 es wird sozusagen sofort verbraucht und in Haut und Gelenken eingebaut. Wir sind also auf st\u00e4ndigen Nachschub angewiesen. Daf\u00fcr eignet sich Collagenhydrolysat in Pulverform, weil es dem K\u00f6rper sofort zur Verf\u00fcgung steht. Das Protein kann \u00fcber den Blutkreislauf dorthin gelangen, wo es gebraucht wird \u2013 n\u00e4mlich in die mittlere Hautschicht.<\/p>\n<h5>Besonderer Bedarf an Collagen\u00a0besteht bei:<\/h5>\n<ul>\n<li>Raucherinnen und Rauchern<\/li>\n<li>Personen ab 25 Jahren<\/li>\n<li>allen Menschen mit gesundheitlichen Problemen<\/li>\n<\/ul>\n<p>\u00dcbrigens greifen auch Bodybuilder\/-innen h\u00e4ufig zum Gelenkschutz und Muskelaufbau zu Collagenprodukten.<\/p>\n<p>Damit k\u00f6rpereigenes Collagen\u00a0hergestellt werden kann, braucht der K\u00f6rper Vitamin\u00a0C, das in \u201eCollagen\u00a0\u2013 Gutes f\u00fcr die Haut\u201c ebenso enthalten ist wie\u00a0Mangan\u00a0und\u00a0Zink.\u00a0Mangan\u00a0tr\u00e4gt zur normalen Bindegewebsbildung bei, w\u00e4hrend\u00a0Zink\u00a0eine Funktion bei der Zellteilung \u00fcbernimmt und zur Erhaltung normaler Haut beitr\u00e4gt.<\/p>\n<h5>Wann wird der Beauty Collagen Drink von PlantaVis\u00a0angewendet?<\/h5>\n<p>Unsere Haut ben\u00f6tigt t\u00e4glich eine Vielzahl von N\u00e4hrstoffen zur Aufrechterhaltung ihres komplexen Stoffwechsels. Der einzigartige Beauty Collagen Drink mit Zink sowie Vitamine\u00a0und Mineralstoffe\u00a0unterst\u00fctzt und f\u00f6rdert diesen Prozess in verschiedenartigster Weise.<\/p>\n<h5>Collagen ist ein zentraler Bestandteil von:<\/h5>\n<ul>\n<li>Haut, Haaren und N\u00e4geln<\/li>\n<li>Gelenken, Sehnen und B\u00e4ndern<\/li>\n<li>Blutgef\u00e4ssen<\/li>\n<li>Knochen<\/li>\n<\/ul>\n<p>Die Ganzk\u00f6rper-Hautpflege von innen wurde speziell von PlantaVis etwickelt.<br \/>\nDer Beauty Collagen Drink von PlantaVis\u00a0enth\u00e4lt eine einzigartige Zusammensetzung mit Zink, Mangan und\u00a0einem breiten Spektrum an wertvollen, bestm\u00f6glich dosierten Aktivstoffen (Vitamine und Spurenelemente sowie hochwertige Pflanzenextrakte aus schwarzer Johannisbeer-, Berry Mix- und\u00a0rote Bete- (Rande) Pulver.<br \/>\nPasst sich optimal dem Biorhythmus der Haut an: Schutz f\u00fcr den Tag und Pflege und Aufbau f\u00fcr die Nacht.<\/p>\n<h5>Warum Zink? Zink ist \u2013 nach Eisen \u2013 das zweith\u00e4ufigste Spurenelement in unserem K\u00f6rper<\/h5>\n<p>2-3 g Zink haben wir gespeichert, am meisten in der Skelettmuskulatur, im Knochengewebe sowie in Haut, N\u00e4geln und Haaren. Der hohe Gehalt erkl\u00e4rt, warum Zink ganz besonders wichtig ist f\u00fcr die Gesundheit von Haut, Haaren und N\u00e4geln. Entscheidend ist es auch f\u00fcr die Eiweisssynthese und die Zellteilung. Sie sind ohne Zink nicht m\u00f6glich und damit auch kein Wachstum. Das liegt daran, dass Zink f\u00fcr die Funktion von mehr als 200 Enzymen ben\u00f6tigt wird und an unglaublich vielen Stoffwechselreaktionen beteiligt ist. Dazu z\u00e4hlen beispielsweise der Stoffwechsel von\u00a0Sexualhormonen, Wachstumshormonen, Nerven\u00fcbertr\u00e4gerstoffen (Neurotransmittern) und Bindegewebseiweissen (Kollagen). Zink ist beteiligt an der Bildung von Wachstums-, Schilddr\u00fcsen- und Sexualhormonen, beeinflusst die Sinnesfunktionen wie Riechen, Schmecken, Sehen und H\u00f6ren, ist wichtig f\u00fcr den Vitamin-A-Haushalt.<\/p>\n<p>Damit hat Zink f\u00fcr unsere Gesundheit eine immense Bedeutung.<\/p>\n<p>Zink muss regelm\u00e4ssig mit der Nahrung aufgenommen werden.\u00a0Man kann den Bedarf \u00fcber die Ern\u00e4hrung decken.<\/p>\n<p>Wer gesund ist und sich wirklich gesund und ausgewogen ern\u00e4hrt \u2013 das tun leider nur die Wenigsten &#8211; kann diesen Bedarf \u00fcber die Nahrung decken. Allerdings werden nur 10-40% des mit der Nahrung zugef\u00fchrten Zinks vom K\u00f6rper (im D\u00fcnndarm) auch wirklich aufgenommen, der Rest wird unver\u00e4ndert ausgeschieden (90% \u00fcber den Stuhl, 10% \u00fcber die Nieren). Sobald diese normale Aufnahme gest\u00f6rt wird, beispielsweise infolge von Krankheiten, besondere Ern\u00e4hrungsgewohnheiten oder andere Faktoren, kann es leicht zu einem Zinkmangel kommen. Dieser ist weit verbreitet.<\/p>\n<p>Eine besonders zinkarme Ern\u00e4hrung nehmen Vegetarier zu sich<\/p>\n<p>Getreide und Gem\u00fcse enth\u00e4lt zwar reichlich Zink, doch kann der K\u00f6rper dieses Zink nicht gut verwerten, weil es die gleichzeitig enthaltenen Ballaststoffe (Phytins\u00e4ure) in einem Komplex binden. \u00c4hnlich behindern die Zinkverwertung Calcium, Eisen, Kupfer, Phosphate (z.B. in Cola, Limonaden), Oxalate und Tannine in der Nahrung. Brisant wird dies f\u00fcr Vegetarier, die g\u00e4nzlich auf zinkhaltige Produkte tierischen Ursprungs wie Eier und Milch verzichten.<\/p>\n<p>Mehr Zink braucht der K\u00f6rper bei:<\/p>\n<ul>\n<li>oxidativem Stress<\/li>\n<li>geschw\u00e4chtem Abwehrsystem<\/li>\n<li>Hautkrankheiten<\/li>\n<li>erh\u00f6htem Alkoholkonsum<\/li>\n<li>starker Belastung mit Schwermetallen<\/li>\n<\/ul>\n<p>Symptome und Diagnose eines Zinkmangels<\/p>\n<p>St\u00e4ndige Infekte und Hautprobleme k\u00f6nnen auf einen Zinkmangel hinweisen.<\/p>\n<p>Die Anzeichen eines Zinkmangels sind lange Zeit unspezifisch und werden oft erst dann ernst genommen, wenn sich eine Schw\u00e4chung des Immunsystems zeigt oder hartn\u00e4ckige St\u00f6rungen an Haut, N\u00e4geln und Haaren.<\/p>\n<h5>Tipp:<\/h5>\n<p>Da gesundheitsbezogene Aussagen\u00a0f\u00fcr ein Nahrungserg\u00e4nzungsmittel wie Collagen f\u00fcr die Haut und dessen\u00a0Zutaten nur im gesetzlichen Ramen m\u00f6glich sind, ist eine Internetrecherche \u00fcber die positiven Eigenschaften zu empfehlen.<br \/>\nWikipedia:\u00a0<a href=\"https:\/\/de.wikipedia.org\/wiki\/Kollagene\" target=\"_blank\" rel=\"noopener\">Collagen<\/a><\/p>\n<p>&nbsp;<\/p>\n<p><strong>Anwendung:<\/strong><\/p>\n<p>T\u00e4glich 10 g\u00a0(ein Essl\u00f6ffel oder Messl\u00f6ffel)\u00a0Beauty Collagen Trinkpulver mit 2dl\u00a0Fl\u00fcssigkeit vor dem Fr\u00fchst\u00fcck\u00a0einnehmen.\u00a0Die Produkte sollten langfristig und konsequent angewandt werden, denn nur so ist es gew\u00e4hrleistet, dass die hochwertigen Wirkstoffe die gew\u00fcnschten Ergebnisse erzielen.<br \/>\nEine Dose reicht f\u00fcr einen Monatsbedarf und ist f\u00fcr eine dauerhafte Anwendung geeignet.<\/p>\n<p>&nbsp;<\/p>\n<p><strong>Zutaten:<\/strong><\/p>\n<p>Kollagenhydrolysat, Fructose kristallin, schwarze Johannisbeere Pulver,\u00a0Hagebuttenschalen Pulver, Beeren Mischung, Rote Beete Pulver, Aroma: Johannisbeere, Vitamin C,\u00a0Zitronens\u00e4ure, Zinksulfat, D-L-alpha Tocopherylacetat, Mangangluconat, Pyridoxinhydrochlorid.<\/p>\n<p>Wir verwenden ein Kollgaenhydrolysat Typ 1 mit dem Zusatz Typ B. Das heisst, es ist \u00fcber B-basic Extraktion gewonnen worden.<\/p>\n<p><strong>Zusammensetzung:<\/strong><\/p>\n<p>Zusammensetzungpro Tagesdosis 10gRM (%)Kollagenhydrolysat7.20g**Vitamin C54.12 mg67.65 %Zink2.66 mg26.66 %Vitamin E2.98 mg a-TE24.83 %Mangan1.08 mg54.11 %Vitamin B6508.40 \u03bcg 36.31 %Fructoseca. 1\u00a0 g kcalca. 4 kcal RM(%): Referenzmengen (f\u00fcr den durchschnittlichen Erwachsenen) nach LMIV** keine Referenzmenge vorhanden.<\/p>\n<p>Hinweis:<\/p>\n<p>Die angegebene empfohlene t\u00e4gliche Einnahmeempfehlung\u00a0darf nicht \u00fcberschritten werden. Nahrungserg\u00e4nzungsmittel sollten nicht als Ersatz f\u00fcr eine ausgewogene und abwechslungsreiche Ern\u00e4hrung verwendet werden. Ausserhalb der Reichweite von Kindern aufbewahren.\u00a0Lagern Sie das Produkt trocken, lichtgesch\u00fctzt und nicht \u00fcber 25\u00b0C.<\/p>\n<p>Benutzen Sie dieses Produkt nicht, wenn das Sicherheitssiegel besch\u00e4digt ist.<\/p>\n<p>Wenn Sie schwanger sind oder stillen, kontaktieren\u00a0Sie bitte Ihren Arzt, bevor Sie das Produkt benutzen.<\/p>\n","protected":false},"excerpt":{"rendered":"<p>Gutes f\u00fcr die Haut Beauty Collagen Drink Pulver mit Zink zur Erhaltung normaler Haut Nahrungserg\u00e4nzungsmittel mit\u00a0Collagenhydrolysat, Fructose kristallin, schwarze Johannisbeere Pulver,\u00a0Hagebutten Pulver, Berry Mix, Rote Beete Pulver, Aroma: Johannisbeere, Vitamin C,\u00a0Zitronens\u00e4ure, Zinksulfat, D-L-alpha Tocopherylacetat, Mangangluconat, Pyridoxinhydrochlorid\u00a0&#8211; hochwertiges Qualit\u00e4tsprodukt von PlantaVis. Beauty Collagen Drink mit Zink zur Erhaltung normaler Haut\u00a0von PlantaVis Gutes f\u00fcr die Haut, Haare, [&hellip;]<\/p>\n","protected":false},"featured_media":7194,"template":"","meta":[],"product_brand":[],"product_cat":[15,270],"product_tag":[],"class_list":{"0":"post-7193","1":"product","2":"type-product","3":"status-publish","4":"has-post-thumbnail","6":"product_cat-uncategorized","7":"product_cat-nahrungsergaenzung","9":"first","10":"instock","11":"taxable","12":"shipping-taxable","13":"purchasable","14":"product-type-simple"},"_links":{"self":[{"href":"https:\/\/schmecktbesser.yogalingam.ch\/index.php\/wp-json\/wp\/v2\/product\/7193","targetHints":{"allow":["GET"]}}],"collection":[{"href":"https:\/\/schmecktbesser.yogalingam.ch\/index.php\/wp-json\/wp\/v2\/product"}],"about":[{"href":"https:\/\/schmecktbesser.yogalingam.ch\/index.php\/wp-json\/wp\/v2\/types\/product"}],"wp:featuredmedia":[{"embeddable":true,"href":"https:\/\/schmecktbesser.yogalingam.ch\/index.php\/wp-json\/wp\/v2\/media\/7194"}],"wp:attachment":[{"href":"https:\/\/schmecktbesser.yogalingam.ch\/index.php\/wp-json\/wp\/v2\/media?parent=7193"}],"wp:term":[{"taxonomy":"product_brand","embeddable":true,"href":"https:\/\/schmecktbesser.yogalingam.ch\/index.php\/wp-json\/wp\/v2\/product_brand?post=7193"},{"taxonomy":"product_cat","embeddable":true,"href":"https:\/\/schmecktbesser.yogalingam.ch\/index.php\/wp-json\/wp\/v2\/product_cat?post=7193"},{"taxonomy":"product_tag","embeddable":true,"href":"https:\/\/schmecktbesser.yogalingam.ch\/index.php\/wp-json\/wp\/v2\/product_tag?post=7193"}],"curies":[{"name":"wp","href":"https:\/\/api.w.org\/{rel}","templated":true}]}}