{"id":7201,"date":"2024-05-05T16:03:02","date_gmt":"2024-05-05T14:03:02","guid":{"rendered":"https:\/\/schmecktbesser.ch\/?post_type=product&#038;p=7201"},"modified":"2024-10-27T11:32:45","modified_gmt":"2024-10-27T10:32:45","slug":"taurin-energy-kapseln-taurin-kapseln-energiestark-durch-den-tag-60-tage-versorgung-inhalt-120-kapseln-fuellmenge-715-g","status":"publish","type":"product","link":"https:\/\/schmecktbesser.ch\/index.php\/product\/taurin-energy-kapseln-taurin-kapseln-energiestark-durch-den-tag-60-tage-versorgung-inhalt-120-kapseln-fuellmenge-715-g\/","title":{"rendered":"Taurin Energy Kapseln Taurin Kapseln &#8211; Energiestark durch den Tag 60 Tage Versorgung  Inhalt: 120 Kapseln | F\u00fcllmenge: 71,5 g."},"content":{"rendered":"<p><strong>Gutes\u00a0f\u00fcr Gelenke<\/strong><\/p>\n<p><strong>ArthronVis MSM (Methyl Sulfonyl Methane) organische, nat\u00fcrliche Schwefelverbindung<\/strong><\/p>\n<p>Nahrungserg\u00e4nzungsmittel mit hochreinem Taurin\u00a0&#8211; hochwertiges Qualit\u00e4tsprodukt von PlantaVis.<\/p>\n<h5>Taurin Energy Kapseln<\/h5>\n<p>Taurin ist vielen ein Begriff, da man es h\u00e4ufig in Energydrinks vorfindet &#8211; doch was genau ist Taurin und was macht es \u00fcberhaupt im menschlichen K\u00f6rper? Ein anderes Wort f\u00fcr Taurin ist 2-Aminoethansulfons\u00e4ure. Das klingt kompliziert, aber einfach gesagt, ist Taurin eine organische S\u00e4ure, welche im Stoffwechsel vieler Tiere entsteht. Taurin ist ein Abbauprodukt der Aminos\u00e4uren Cystein. F\u00fcr den Menschen ist es ein semi-essentieller N\u00e4hrstoff, das heisst, der Mensch kann Taurin selbst herstellen, vorausgesetzt, er nimmt \u00fcber die Ern\u00e4hrung die daf\u00fcr ben\u00f6tigten Bausteine (Cystein, Methionin und Vitamin B6) auf.<br \/>\nNat\u00fcrlich kann man Taurin auch \u00fcber die Nahrung aufnehmen, allerdings kommt es ausschliesslich in tierischen Lebensmitteln vor: Fleisch, Fisch, Eier und Milch. Eine einseitige oder vegane Ern\u00e4hrung kann zu einem Taurinmangel f\u00fchren.<\/p>\n<p>Der Name Taurin kommt von dem griechischen Wort &#171;Taurus&#187; was \u00fcbersetzt so viel wie Stier oder Ochse bedeutet. Der Name kommt daher, weil Taurin das erste Mal im Jahre 1827 von Leopold Gmelin und Friedrich Tiedemann aus der Ochsengalle isoliert wurde.<br \/>\nHeutzutage hat Taurin wenig mit Stieren zu tun, weil es synthetisch hergestellt wird. Dies hat den Vorteil, dass es komplett vegan ist und man aufgrund seiner Ern\u00e4hrungsweise nicht darauf verzichten muss.<\/p>\n<h5>Was macht Taurin?<\/h5>\n<p>Taurin kommt im gesamten K\u00f6rper vor, doch ganze 75% davon finden sich in den Muskelzellen, w\u00e4hrend der Rest \u00fcberwiegend auf Herz, Gehirn und Blut aufgeteilt ist. Das Thema Taurin ist ein spannendes, denn obwohl wir mittlerweile \u00fcber viele Funktionen dieses N\u00e4hrstoffes Bescheid wissen, gibt es noch viele ungekl\u00e4rte Fragen.<br \/>\nEinige der klar definierten\u00a0Aufgaben\u00a0von Taurin lauten wie folgt:<\/p>\n<ul>\n<li>Es sorgt f\u00fcr die Bildung von Gallensalzen (die sogenannten Gallens\u00e4urekonjugate) und ist somit Teil des Leber-Galle-Darm (enterohepatischen) Kreislaufs<\/li>\n<li>In den Muskelzellen dient es als Osmoseregulator, das heisst, es hilft\u00a0bei der Bewegung von Natrium und Kalium durch die Zellmembran und sorgt daher auch daf\u00fcr, dass das elektrische Membranpotenzial stabil bleibt<\/li>\n<li>Umgekehrt weiss\u00a0man auch, dass ein Taurinmangel sich negativ auf das Immunsystem auswirkt<\/li>\n<\/ul>\n<h5>Funktionen von Taurin im K\u00f6rper<\/h5>\n<ul>\n<li>\u00a0f\u00fcr das Herz<\/li>\n<li>f\u00fcr einen optimalen\u00a0Energiestoffwechsel<\/li>\n<li>f\u00fcr\u00a0Ausdauer im Sport,\u00a0Muskulatur, Erholungszeit<\/li>\n<li>f\u00fcr die Netzhaut im Auge<\/li>\n<li>Zellschutz durch die\u00a0antioxidativen Eigenschaften<\/li>\n<\/ul>\n<p>Bei einer oralen Einnahme von 1,66\u00a0g erh\u00f6hte sich\u00a0der Taurinspiegel im Blut innerhalb von 2 Stunden um das 15-Fache. Sogar\u00a04\u00a0Stunden danach ist die Konzentration im Blut immer noch um das 7-Fache h\u00f6her als vor der Einnahme. Bei sportlicher Leistung, Taurin also wenn m\u00f6glich 2 Stunden vorher einnehmen.<\/p>\n<h5>Tipp:<\/h5>\n<p>Taurin wird besonders gut absorbiert, wenn es auf n\u00fcchternen Magen eingenommen wird. Dazu k\u00f6nnen Sie die Kapseln auch zu unterschiedlichen Zeiten am Tag einnehmen. Auch wenn Taurin\u00a0aus Energydrinks bekannt ist, hat es mit Koffein nichts zu tun, Sie k\u00f6nnen also auch kurz vor dem Schlafengehen noch Taurin zu sich nehmen ohne Angst haben zu m\u00fcssen, dass Sie Nachts nicht schlafen k\u00f6nnen.<\/p>\n<p>Da gesundheitsbezogene Aussagen\u00a0f\u00fcr ein Nahrungserg\u00e4nzungsmittel wie Taurin Kapseln und dessen\u00a0Zutaten nur im gesetzlichen Ramen m\u00f6glich sind, ist eine Internetrecherche \u00fcber die positiven Eigenschaften zu empfehlen.<br \/>\nInternetrecherche:\u00a0<a href=\"https:\/\/www.pharmawiki.ch\/wiki\/index.php?wiki=Taurin#:~:text=Taurin%20liegt%20als%20weisses%2C%20kristallines,entz%C3%BCndungshemmende%2C%20zytoprotektive%20und%20entgiftende%20Eigenschaften.\" target=\"_blank\" rel=\"noopener\">Taurin<\/a><\/p>\n<p><strong>Anwendung:<\/strong><\/p>\n<p>T\u00e4glich zwei Kapseln (pro Kapsel 500mg Taurin) mit ausreichend Fl\u00fcssigkeit einnehmen.\u00a0Die Produkte sollten langfristig und konsequent angewandt werden, denn nur so ist es gew\u00e4hrleistet, dass die hochwertigen Wirkstoffe die gew\u00fcnschten Ergebnisse erzielen.<br \/>\nEine Dose reicht f\u00fcr einen zwei Monatsbedarf und ist f\u00fcr eine dauerhafte Anwendung geeignet.<\/p>\n<p><strong>Zutaten:<br \/>\n<\/strong><\/p>\n<p>Taurin 500mg, Kapselh\u00fclle: Hydroxypropylmethylcellulose<\/p>\n<p>Zusammensetztung:<\/p>\n<p>Zusammensetzungpro Tagedosis (2 Kapseln)RM (%)Taurin1000 mg\u00a0 \u00a0\u00a0**<\/p>\n<p>RM(%): Referenzmengen (f\u00fcr den durchschnittlichen Erwachsenen) nach LMIV<\/p>\n<p>**keine Empfehlung vorhanden<\/p>\n<p>Hinweis:<\/p>\n<p>Die angegebene empfohlene t\u00e4gliche Einnahmeempfehlung\u00a0darf nicht \u00fcberschritten werden. Nahrungserg\u00e4nzungsmittel sollten nicht als Ersatz f\u00fcr eine ausgewogene und abwechslungsreiche Ern\u00e4hrung verwendet werden. Ausserhalb der Reichweite von Kindern aufbewahren.\u00a0Lagern Sie das Produkt trocken, lichtgesch\u00fctzt und nicht \u00fcber 25\u00b0C.<\/p>\n<p>Benutzen Sie dieses Produkt nicht, wenn das Sicherheitssiegel besch\u00e4digt ist.<\/p>\n<p>Wenn Sie schwanger sind oder stillen, kontaktieren\u00a0Sie bitt Ihren Arzt, bevor Sie das Produkt benutzen.<\/p>\n<p>&nbsp;<\/p>\n","protected":false},"excerpt":{"rendered":"<p>Gutes\u00a0f\u00fcr Gelenke ArthronVis MSM (Methyl Sulfonyl Methane) organische, nat\u00fcrliche Schwefelverbindung Nahrungserg\u00e4nzungsmittel mit hochreinem Taurin\u00a0&#8211; hochwertiges Qualit\u00e4tsprodukt von PlantaVis. Taurin Energy Kapseln Taurin ist vielen ein Begriff, da man es h\u00e4ufig in Energydrinks vorfindet &#8211; doch was genau ist Taurin und was macht es \u00fcberhaupt im menschlichen K\u00f6rper? Ein anderes Wort f\u00fcr Taurin ist 2-Aminoethansulfons\u00e4ure. Das &hellip;<\/p>\n<p class=\"read-more\"> <a class=\"\" href=\"https:\/\/schmecktbesser.ch\/index.php\/product\/taurin-energy-kapseln-taurin-kapseln-energiestark-durch-den-tag-60-tage-versorgung-inhalt-120-kapseln-fuellmenge-715-g\/\"> <span class=\"screen-reader-text\">Taurin Energy Kapseln Taurin Kapseln &#8211; Energiestark durch den Tag 60 Tage Versorgung  Inhalt: 120 Kapseln | F\u00fcllmenge: 71,5 g.<\/span> Weiterlesen &raquo;<\/a><\/p>\n","protected":false},"featured_media":7202,"template":"","meta":{"site-sidebar-layout":"default","site-content-layout":"default","ast-global-header-display":"","ast-main-header-display":"","ast-hfb-above-header-display":"","ast-hfb-below-header-display":"","ast-hfb-mobile-header-display":"","site-post-title":"","ast-breadcrumbs-content":"","ast-featured-img":"","footer-sml-layout":"","theme-transparent-header-meta":"default","adv-header-id-meta":"","stick-header-meta":"","header-above-stick-meta":"","header-main-stick-meta":"","header-below-stick-meta":""},"product_brand":[],"product_cat":[15,270],"product_tag":[],"class_list":{"0":"post-7201","1":"product","2":"type-product","3":"status-publish","4":"has-post-thumbnail","6":"product_cat-uncategorized","7":"product_cat-nahrungsergaenzung","8":"desktop-align-center","9":"tablet-align-center","10":"mobile-align-center","12":"first","13":"instock","14":"taxable","15":"shipping-taxable","16":"purchasable","17":"product-type-simple"},"_links":{"self":[{"href":"https:\/\/schmecktbesser.ch\/index.php\/wp-json\/wp\/v2\/product\/7201","targetHints":{"allow":["GET"]}}],"collection":[{"href":"https:\/\/schmecktbesser.ch\/index.php\/wp-json\/wp\/v2\/product"}],"about":[{"href":"https:\/\/schmecktbesser.ch\/index.php\/wp-json\/wp\/v2\/types\/product"}],"wp:featuredmedia":[{"embeddable":true,"href":"https:\/\/schmecktbesser.ch\/index.php\/wp-json\/wp\/v2\/media\/7202"}],"wp:attachment":[{"href":"https:\/\/schmecktbesser.ch\/index.php\/wp-json\/wp\/v2\/media?parent=7201"}],"wp:term":[{"taxonomy":"product_brand","embeddable":true,"href":"https:\/\/schmecktbesser.ch\/index.php\/wp-json\/wp\/v2\/product_brand?post=7201"},{"taxonomy":"product_cat","embeddable":true,"href":"https:\/\/schmecktbesser.ch\/index.php\/wp-json\/wp\/v2\/product_cat?post=7201"},{"taxonomy":"product_tag","embeddable":true,"href":"https:\/\/schmecktbesser.ch\/index.php\/wp-json\/wp\/v2\/product_tag?post=7201"}],"curies":[{"name":"wp","href":"https:\/\/api.w.org\/{rel}","templated":true}]}}