{"id":7211,"date":"2024-05-05T16:23:30","date_gmt":"2024-05-05T14:23:30","guid":{"rendered":"https:\/\/schmecktbesser.ch\/?post_type=product&#038;p=7211"},"modified":"2025-01-30T17:46:50","modified_gmt":"2025-01-30T16:46:50","slug":"feigenkaktus-kapseln-feigenkaktus-hilft-erfolgreich-fett-zu-verbrennen-den-stoffwechsel-zu-foerdern-und-das-immunsystem-zu-staerken-30-tage-versorgung-inhalt-60-kapseln-fuellmenge-328-g","status":"publish","type":"product","link":"https:\/\/schmecktbesser.yogalingam.ch\/index.php\/product\/feigenkaktus-kapseln-feigenkaktus-hilft-erfolgreich-fett-zu-verbrennen-den-stoffwechsel-zu-foerdern-und-das-immunsystem-zu-staerken-30-tage-versorgung-inhalt-60-kapseln-fuellmenge-328-g\/","title":{"rendered":"AUSGEWOGEN FEIGENKAKTUS KAPSELN FEIGENKAKTUS HILFT ERFOLGREICH FETT ZU VERBRENNEN, DEN STOFFWECHSEL ZU F\u00d6RDERN UND DAS IMMUNSYSTEM ZU ST\u00c4RKEN 30 Tage Versorgung  Inhalt: 60 Kapseln | F\u00fcllmenge: 32,8 g."},"content":{"rendered":"<p><strong>Gutes f\u00fcr die Verdauung und eine schlanke Linie<\/strong><\/p>\n<p><strong>Feigenkaktus (Nopal Opuntia ficus-indica) \u00a0plus nat\u00fcrlichem Zellschutz Komplex.<\/strong><\/p>\n<p>Nahrungserg\u00e4nzungsmittel mit Calcium, Vitamin C, Feigenkaktus, \u00a0diversen Bifidobakterien und\u00a0Lactobazillen\u00a0\u00a0&#8211; hochwertiges Qualit\u00e4tsprodukt von PlantaVis.<\/p>\n<h5>Feigenkaktus Kapseln (Ausgewogen) f\u00fcr die Verdauung<\/h5>\n<p>Leinsamen, Calciumcarbonat, Kapselh\u00fclle: Hydroxypropylmethylcellulose,\u00a0Zellschutz Komplex\u00a0(Camu Camu Extrakt mit 20% L-Ascorbins\u00e4ure1, L-Ascorbins\u00e4ure1, Jiaogulanextrakt, Cordycepspulver, Shiitakepulver, Kapernextrakt, Astragaloside Extrakt (1%),<br \/>\nGerstenextrakt\u00a0mit 20-25% \u00df-Glucan,Chlorophyllin, Melonenextrakt (Extramel\u00ae), schwarzer Pfefferextrakt mit 95% Piperin), 4,5% Nopal Feigenkaktuspulver, Lactobacillus acidophilus , Lactobacillus casei, Bifidobacterium breve, Lactobacillus rhamnosus, Lactobacillus plantarum, Enterococcus faecium, Mittelkettige Triglyceride, Trennmittel: Magnesiumsalze der Speisefetts\u00e4uren, Bifidobacterium bifidum<\/p>\n<h5>Die Kombination macht\u2019s<\/h5>\n<p>Kaktusfeigen schmecken k\u00f6stlich und sind ein schnell verf\u00fcgbarer Energiespender, auch f\u00fcr Sportler und bei geistiger Belastung. Sie verf\u00fcgen ausserdem \u00fcber ein hohes antioxidatives Potenzial und ihre\u00a0Ballaststoffe\u00a0sind verdauungsf\u00f6rdernd. In Verbindung mit\u00a0Leinsamen,\u00a0Milchs\u00e4urebakterien,\u00a0Vitamin C\u00a0und\u00a0Calcium, das zur normalen Funktion von Verdauungsenzymen beitr\u00e4gt, enthalten die Kapseln eine ebenso nat\u00fcrliche wie innovative Kombination zur Unterst\u00fctzung der Verdauung.<\/p>\n<h5>Bestens ger\u00fcstet f\u00fcr eine gute Verdauung<\/h5>\n<p>Der\u00a0Feigenkaktus\u00a0(Nopal) ist bekannt f\u00fcr seinen hohen Gehalt an Ballaststoffen, die verdauungsf\u00f6rdernd wirken und mit ausreichend Fl\u00fcssigkeit auch zur S\u00e4ttigung beitragen. Seine Faserkomplexe haben eine hohe Bindungsaffinit\u00e4t f\u00fcr Nahrungsfette und werden unterst\u00fctzend bei der Gewichtskontrolle eingesetzt. Das Leinsamenpulver, eine weitere Zutat von \u201eGutes f\u00fcr die Verdauung\u201c, enth\u00e4lt Quell- und Schleimstoffe. Diese Stoffe halten den Nahrungsbrei im Darm feucht und k\u00f6nnen die Darmpassage beschleunigen. Die Kapseln enthalten zudem eine ausgewogene Kombination von\u00a0Milchs\u00e4urebakterien. Diese sind ein nat\u00fcrlicher Bestandteil der menschlichen Darmflora und am Stoffwechsel sowie an der Immunabwehr beteiligt. Sie geh\u00f6ren zu den Mikroorganismen, die unseren Darmtrakt besiedeln, dort f\u00fcr eine ausgeglichene Darmflora sorgen und so an einer guten Verdauung beteiligt sind.<\/p>\n<h5>Die praktischen Kapseln enthalten neben dem Nopal-Feigenkaktuspulver sieben\u00a0Milchs\u00e4urebakterien:<\/h5>\n<ul>\n<li>Bifidobakterium breve<\/li>\n<li>Enterococcus feacium<\/li>\n<li>Lactobacillus rhamnosus<\/li>\n<li>Lactobacillus casei<\/li>\n<li>Lactobacillus plantarum<\/li>\n<li>Lactobacillus acidophilus<\/li>\n<li>Bifidobakterium bifidum<\/li>\n<\/ul>\n<p>Zusammen mit\u00a0Leinsamen,\u00a0Calcium\u00a0und\u00a0Vitamin C\u00a0und dem exklusiven Zellschutz-Komplex von PlantaVis erhalten Sie so eine Kombination aus Ballast- und N\u00e4hrstoffen sowie Bakterien, die Ihre Verdauung in Schwung bringt.<\/p>\n<h5>Feigenkaktus Kapseln plus nat\u00fcrlichem\u00a0Zellschutz Komplex<\/h5>\n<ul>\n<li>Hilft die Formation von Fettzellen zu unterdr\u00fccken<\/li>\n<li>Unterst\u00fctzt erfolgreich die Gewichtsabnahme<\/li>\n<li>St\u00e4rkt das Immunsystem &amp; den Stoffwechsel<\/li>\n<\/ul>\n<p>Zur Unterst\u00fctzung einer Reduktionsdi\u00e4t bei \u00dcbergewicht bzw. zur Gewichtskontrolle im Rahmen einer fettbewussten Ern\u00e4hrung.<\/p>\n<ul>\n<li>Calcium tr\u00e4gt zur\u00a0normalen Funktion von Verdauungsenzymen bei<\/li>\n<li>Calcium tr\u00e4gt zu einem normalen Energiestoffwechsel bei<\/li>\n<li>Calcium tr\u00e4gt zur normalen Funktion von Verdauungsenzymen bei<\/li>\n<\/ul>\n<p>Feigenkaktus Kapseln mit Calcium, Vitamin C, Feigenkaktus, diversen\u00a0Bifidobakterien und Lactobazillen wirken positiv auf die Verdauung, den Stoffwechsel und reduziert die Fettaufnahme aus der Nahrung.<\/p>\n<h5>Feigenkaktus Nopal\u00a0Opuntia ficus-indica<\/h5>\n<p>Der Feigenkaktus Nopal, auch Indische Feige (Opuntia ficus-indica) oder Feigendistel genannt, wird botanisch als Opuntia streptacantha bezeichnet und ist urspr\u00fcnglich aus Mexiko. Heute ist er in weiten Teilen der Tropen und Subtropen sowie auch im Mittelmeerraum verbreitet.<\/p>\n<h5>Hauptbestandteile unseres Zellschutzkomplexes sind:<\/h5>\n<p>ZellschutzKomplex: (Camu Camu Extrakt mit 20 % L-Ascorbins\u00e4ure (VitaminC1), L-Ascorbins\u00e4ure\u00a0(VitaminC1), Jiaogulan Extrakt, Cordyceps Sinensis Pulver, Shiitake Pulver, Kapern Extrakt, Astragaloside Extrakt I-VII,\u00a0Gersten Extrakt\u00a0mit 20-25% \u00df-Glucan, Chlorophyllin, Melonen Extrakt (EXTRAMEL\u00ae), schwarzer Pfeffer Extrakt mit 95% Piperine)<\/p>\n<h5>\u200bWas ist der exklusive\u00a0Zellschutz Komplex von PlantaVis?<\/h5>\n<p>Als innovatives Unternehmen in Sachen Herstellung und Entwicklung von Nahrungserg\u00e4nzungsmitteln, arbeiten wir von der PlantaVis\u00ae eng mit Wissenschaftlern aus den Bereichen Ern\u00e4hrung, Epi- und Nutrigenetik sowie der Medizin und Pharmazie zusammen. Neben dem \u00fcberlieferten, tradierten Wissen um den gesundheitlichen Wert von Nahrungsmitteln aus aller Welt, legen wir grossen Wert auf modernste Forschungsergebnisse, die wir tagt\u00e4glich in unsere Arbeit einfliessen lassen. Ein Ergebnis dieser Arbeit, auf das wir ganz besonders stolz sind, ist unser neuer, exklusiver Zellschutzkomplex. Zu hoher oxidativer Stress, ist zu einem generellen Problem in unserer modernen Gesellschaft geworden.\u00a0Die Gr\u00fcnde hierf\u00fcr sind vor allem in unserer Lebensf\u00fchrung zu suchen. Allen voran die \u00fcberm\u00e4ssige Verwendung von Genussmitteln, eine einseitige Ern\u00e4hrungsweise, Stress in Schule, Alltag und Beruf, Bewegungsmangel, aber auch Umweltgifte und verschiedene Medikamente, deren Einnahme zwingend notwendig ist. Die Folgen k\u00f6nnen ein geschw\u00e4chtes Immunsystem, beschleunigte Zellalterung, chronisch entz\u00fcndliche Erkrankungen, Stoffwechselst\u00f6rungen und unerw\u00fcnschte Arzneimittelwirkungen sein. Demgegen\u00fcber steht bei den meisten Menschen eine zu geringe Aufnahme von Obst, Gem\u00fcse, Kr\u00e4utern und Pilzen. Mit der Folge eines Mangels an sekund\u00e4ren Pflanzenstoffen. F\u00fcr zahlreiche Substanzen dieser umfangreichen Naturstoffgruppe, gilt eine antioxidative Wirkung inzwischen als wissenschaftlich belegt. Mit unserem intelligent zusammengesetzten Zellschutzkomplex, bieten wir eine L\u00f6sung f\u00fcr diese moderne Form der Mangelern\u00e4hrung. Sie finden ihn deshalb zus\u00e4tzlich in vielen unserer aktuellen Produkte.<\/p>\n<h5>Tipp:<\/h5>\n<p>Ein sehr wirksames Mittel gegen V\u00f6llegef\u00fchl ist altbekannt, aber tats\u00e4chlich wirkungsvoll: ein gem\u00e4chlicher Verdauungsspaziergang. Die Bewegung kurbelt den Kreislauf an, wodurch mehr Blut in die K\u00f6rpermitte gelangt, was der Verdauung hilft. Zudem massieren die Muskelbewegungen beim Gehen den Unterbauch und unterst\u00fctzen so die nat\u00fcrliche Darmbewegung.<\/p>\n<p><strong>Anwendung:<\/strong><\/p>\n<p>T\u00e4glich zwei Kapseln mit ausreichend Fl\u00fcssigkeit nach einer Mahlzeit einnehmen.\u00a0Die Produkte sollten langfristig und konsequent angewandt werden, denn nur so ist es gew\u00e4hrleistet, dass die hochwertigen Wirkstoffe die gew\u00fcnschten Ergebnisse erzielen.<br \/>\nEine Dose reicht f\u00fcr einen Monatsbedarf und ist f\u00fcr eine dauerhafte Anwendung geeignet.<\/p>\n<p>Anwendungsdauer Empfehlung:\u00a0mindestens eine vier-Monatekur.<\/p>\n<p><strong>Zutaten:<\/strong><\/p>\n<p>Leinsamen, Calciumcarbonat, Kapselh\u00fclle: Hydroxypropylmethylcellulose,\u00a0Zellschutz Komplex\u00a0(Camu Camu Extrakt mit 20% L-Ascorbins\u00e4ure1, L-Ascorbins\u00e4ure1, Jiaogulanextrakt, Cordycepspulver, Shiitakepulver, Kapernextrakt, Astragaloside Extrakt (1%),<br \/>\nGerstenextrakt mit 20-25% \u00df-Glucan,Chlorophyllin, Melonenextrakt (Extramel\u00ae), schwarzer Pfefferextrakt mit 95% Piperin), 4,5% Nopal Feigenkaktuspulver, Lactobacillus acidophilus , Lactobacillus casei, Bifidobacterium breve, Lactobacillus rhamnosus, Lactobacillus plantarum, Enterococcus faecium, Mittelkettige Triglyceride, Trennmittel: Magnesiumsalze der Speisefetts\u00e4uren, Bifidobacterium bifidum.<\/p>\n<table style=\"height: 422px\" border=\"0\" width=\"687\" cellspacing=\"1\" cellpadding=\"5\">\n<tbody>\n<tr>\n<td>Zusammensetzung<\/td>\n<td>pro Tagesdosis<\/td>\n<td>RM (%)<\/td>\n<\/tr>\n<tr>\n<td>Calcium<\/td>\n<td>120.00 mg<\/td>\n<td>15.00 %<\/td>\n<\/tr>\n<tr>\n<td>Vitamin C<\/td>\n<td>32.00 mg<\/td>\n<td>40.00 %<\/td>\n<\/tr>\n<tr>\n<td>FeigenkaktusNopal\u00a0Opuntia ficus-indica<\/td>\n<td>50.00 mg<\/td>\n<td><\/td>\n<\/tr>\n<tr>\n<td><\/td>\n<td><\/td>\n<td><\/td>\n<\/tr>\n<tr>\n<td colspan=\"3\">RM(%): Referenzmengen (f\u00fcr den durchschnittlichen Erwachsenen) nach LMIV<\/td>\n<\/tr>\n<tr>\n<td colspan=\"3\"><\/td>\n<\/tr>\n<tr>\n<td><\/td>\n<td colspan=\"2\" rowspan=\"1\"><\/td>\n<\/tr>\n<tr>\n<td><\/td>\n<td colspan=\"2\"><\/td>\n<\/tr>\n<tr>\n<td><\/td>\n<td colspan=\"2\"><\/td>\n<\/tr>\n<tr>\n<td><\/td>\n<td colspan=\"2\"><\/td>\n<\/tr>\n<tr>\n<td><\/td>\n<td colspan=\"2\"><\/td>\n<\/tr>\n<tr>\n<td><\/td>\n<td colspan=\"2\"><\/td>\n<\/tr>\n<tr>\n<td><\/td>\n<td colspan=\"2\"><\/td>\n<\/tr>\n<tr>\n<td><\/td>\n<td colspan=\"2\"><\/td>\n<\/tr>\n<\/tbody>\n<\/table>\n<p>&nbsp;<\/p>\n","protected":false},"excerpt":{"rendered":"<p>Gutes f\u00fcr die Verdauung und eine schlanke Linie Feigenkaktus (Nopal Opuntia ficus-indica) \u00a0plus nat\u00fcrlichem Zellschutz Komplex. Nahrungserg\u00e4nzungsmittel mit Calcium, Vitamin C, Feigenkaktus, \u00a0diversen Bifidobakterien und\u00a0Lactobazillen\u00a0\u00a0&#8211; hochwertiges Qualit\u00e4tsprodukt von PlantaVis. Feigenkaktus Kapseln (Ausgewogen) f\u00fcr die Verdauung Leinsamen, Calciumcarbonat, Kapselh\u00fclle: Hydroxypropylmethylcellulose,\u00a0Zellschutz Komplex\u00a0(Camu Camu Extrakt mit 20% L-Ascorbins\u00e4ure1, L-Ascorbins\u00e4ure1, Jiaogulanextrakt, Cordycepspulver, Shiitakepulver, Kapernextrakt, Astragaloside Extrakt (1%), Gerstenextrakt\u00a0mit 20-25% [&hellip;]<\/p>\n","protected":false},"featured_media":7212,"template":"","meta":[],"product_brand":[],"product_cat":[15,270],"product_tag":[],"class_list":{"0":"post-7211","1":"product","2":"type-product","3":"status-publish","4":"has-post-thumbnail","6":"product_cat-uncategorized","7":"product_cat-nahrungsergaenzung","9":"first","10":"instock","11":"taxable","12":"shipping-taxable","13":"purchasable","14":"product-type-simple"},"_links":{"self":[{"href":"https:\/\/schmecktbesser.yogalingam.ch\/index.php\/wp-json\/wp\/v2\/product\/7211","targetHints":{"allow":["GET"]}}],"collection":[{"href":"https:\/\/schmecktbesser.yogalingam.ch\/index.php\/wp-json\/wp\/v2\/product"}],"about":[{"href":"https:\/\/schmecktbesser.yogalingam.ch\/index.php\/wp-json\/wp\/v2\/types\/product"}],"wp:featuredmedia":[{"embeddable":true,"href":"https:\/\/schmecktbesser.yogalingam.ch\/index.php\/wp-json\/wp\/v2\/media\/7212"}],"wp:attachment":[{"href":"https:\/\/schmecktbesser.yogalingam.ch\/index.php\/wp-json\/wp\/v2\/media?parent=7211"}],"wp:term":[{"taxonomy":"product_brand","embeddable":true,"href":"https:\/\/schmecktbesser.yogalingam.ch\/index.php\/wp-json\/wp\/v2\/product_brand?post=7211"},{"taxonomy":"product_cat","embeddable":true,"href":"https:\/\/schmecktbesser.yogalingam.ch\/index.php\/wp-json\/wp\/v2\/product_cat?post=7211"},{"taxonomy":"product_tag","embeddable":true,"href":"https:\/\/schmecktbesser.yogalingam.ch\/index.php\/wp-json\/wp\/v2\/product_tag?post=7211"}],"curies":[{"name":"wp","href":"https:\/\/api.w.org\/{rel}","templated":true}]}}