{"id":7223,"date":"2024-05-05T16:57:02","date_gmt":"2024-05-05T14:57:02","guid":{"rendered":"https:\/\/schmecktbesser.ch\/?post_type=product&#038;p=7223"},"modified":"2024-10-24T14:40:58","modified_gmt":"2024-10-24T12:40:58","slug":"kinderwunsch-kapseln-fuer-die-frau-folat-hat-eine-funktion-bei-der-zellteilung-30-tage-versorgung-inhalt-90-kapseln-fuellmenge-5232-g","status":"publish","type":"product","link":"https:\/\/schmecktbesser.ch\/index.php\/product\/kinderwunsch-kapseln-fuer-die-frau-folat-hat-eine-funktion-bei-der-zellteilung-30-tage-versorgung-inhalt-90-kapseln-fuellmenge-5232-g\/","title":{"rendered":"Kinderwunsch Kapseln f\u00fcr die Frau Folat hat eine Funktion bei der Zellteilung Inhalt: 90 Kapseln | F\u00fcllmenge: 52,32g."},"content":{"rendered":"<p><strong>Gutes f\u00fcr die Frau\u00a0mit Kinderwunsch<\/strong><\/p>\n<p><strong>Vitamin B6 tr\u00e4gt zur Regulierung der Hormont\u00e4tigkeit bei.<\/strong><\/p>\n<p>Nahrungserg\u00e4nzungsmittel mit Zink, Vitamin E, Niacin, Vitamin B6, Vitamin B12, Fols\u00e4ure\u00a0und Mineralstoffen, Macawurzel Pulver (49% Anteil), Kapselh\u00fclle: Hydroxypropylmethylcellulose, L-Carnitintartrat,\u00a0Eisenkraut Pulver, M\u00f6nchspfeffer Pulver (50mg pK),\u00a0mittelkettige Triglyceride \u00d6l (MCT), Zinkcitrattrihydrat,\u00a0D-alpha-Tocopherolacetat, Coenzym Q10 (Ubiquinon), Nicotinamid,\u00a0Pyridoxinhydrochlorid, Cyanocobalamin 0,1% auf Mannit,\u00a0schwarzer Pfeffer Extrakt (Bioperine \u00ae), Pteroylmonoglutamins\u00e4ure (Fols\u00e4ure)\u00a0&#8211; hochwertiges Qualit\u00e4tsprodukt von PlantaVis.<\/p>\n<h5>Kinderwunsch Kapseln f\u00fcr die Frau<\/h5>\n<h5>Nat\u00fcrliche Unterst\u00fctzung f\u00fcr die Frau mit Kinderwunsch<\/h5>\n<p>Die PlantaVis-Kinderwunsch-Kapseln f\u00fcr die Frau enthalten altbew\u00e4hrte Pflanzenextrakte und\u00a0Vitamine, die in der richtigen Kombination die Bedingungen f\u00fcr Frauen mit Kinderwunsch verbessern k\u00f6nnen. Zu den wichtigsten Bestandteilen geh\u00f6ren:<\/p>\n<ul>\n<li>Vitamin B6, das an der Regulierung der Hormont\u00e4tigkeit beteiligt ist<\/li>\n<li>Vitamin B12, das eine Funktion bei der Zellteilung hat<\/li>\n<li>Zink, das zu einer normalen Fruchtbarkeit und einer normalen Reproduktion beitr\u00e4gt<\/li>\n<li>Niacin, das zur Erhaltung normaler Schleimh\u00e4ute beitr\u00e4gt<\/li>\n<li>M\u00f6nchspfeffer, der regulierend auf den weiblichen Hormonhaushalt wirken kann<\/li>\n<\/ul>\n<p>Was unsere PlantaVis Kapseln \u201eF\u00fcr die Frau mit Kinderwunsch\u201c besonders wertvoll macht, ist die Kombination aus von alters her bekannten Pflanzenextrakten und -pulvern. Aus Peru stammt die Maca-Knolle, die auch peruanischer Ginseng genannt wird. Sie w\u00e4chst in H\u00f6hen von \u00fcber 2.000 Metern und bildet seit Jahrtausenden eine wichtige Ern\u00e4hrungsgrundlage der Menschen in den Anden.<\/p>\n<h5>M\u00f6nchspfeffer<\/h5>\n<p>M\u00f6nchspfeffer (Vitex agnus-castus, auch Keuschlamm genannt) wird bei unregelm\u00e4ssigen (kurzen) Zyklen, PMS (Pr\u00e4menstruelles Syndrom) und Menstruationsbeschwerden h\u00f6chst erfolgreich eingesetzt. Ganz besonders hilfreich hat er sich bei einer unzureichenden Produktion des Gelbk\u00f6rperhormons erwiesen.\u00a0Viele Frauen, die aufgrund dieses Problems unfruchtbar waren, wurden mit Hilfe des M\u00f6nchspfeffers\u00a0innerhalb k\u00fcrzester Zeit schwanger. Wenn also \u2013 abgesehen von der Endometriose \u2013 Ihr Gelbk\u00f6rperhormonspiegel niedrig ist und Sie ausserdem sehr kurze Zyklen haben, bietet sich M\u00f6nchspfeffer geradezu an. Mit ihm liessen sich in vielen F\u00e4llen die bei Endometriose oft sehr starken Menstruationsbeschwerden lindern.<br \/>\nDer\u00a0M\u00f6nchspfeffer entstammt der mediterranen Region, bis heute geh\u00f6rt dieser zu den Geheimtipps so mancher Hebamme.<\/p>\n<h5>Eisenkraut<\/h5>\n<p>Eisenkraut (Wunschkraut, Katzenblutkraut, Druidenkraut oder Sagenkraut) geh\u00f6rt zur\u00a0Familie der Verbenen\u00a0und ist seit Jahrhunderten als\u00a0Heilpflanze\u00a0bekannt. Eisenkraut ist mehrj\u00e4hrig und anspruchslos. Es w\u00e4chst auf kargen B\u00f6den, solange im Sommer eine ausreichende Wasserversorgung gew\u00e4hrleistet ist. Eisenkraut nutzen die Menschen seit dem Altertum als Heilpflanze. Heute sind ihre vielf\u00e4ltigen Wirkungen leider etwas in Vergessenheit geraten. Eisenkraut\u00a0regt laut Volksmedizin die Kontraktionen der Geb\u00e4rmutter an, weswegen sie den Zyklus reguliert und bei Menstruationsbeschwerden\u00a0f\u00fcr Erleichterung sorgt.<\/p>\n<h5>Maca<\/h5>\n<p>Maca ist das Superfood der s\u00fcdamerikanischen Inka. Heute wird die Knolle als nat\u00fcrliches Aphrodisiakum eingesetzt und findet in der Naturheilkunde Anwendung bei Libidomangel und Potenzproblemen, aber auch bei unerf\u00fclltem Kinderwunsch und in den Wechseljahren. Sportler nutzen Maca ferner zur Leistungsteigerung, w\u00e4hrend Kopfarbeiter die von Maca verliehene geistige Wachheit lieben. Maca kann aber noch mehr.<\/p>\n<p>Das enthaltene Zink tr\u00e4gt zu einer normalen Fruchtbarkeit und einer normalen Reproduktion bei, Vitamin B12 hat eine Funktion bei der Zellteilung. Zur Regulierung der Hormont\u00e4tigkeit tr\u00e4gt Vitamin B6 bei und zur Erhaltung normaler Schleimh\u00e4ute Niacin bzw. Vitamin B3.<\/p>\n<p>Abgerundet werden die Pflanzenstoffe in unseren Kapseln durch Bioperine\u00ae genannter Extrakt aus dem schwarzen Pfeffer, L-Carnitintartrat, einer nat\u00fcrlichen Verbindung aus den essentiellen Aminos\u00e4uren Lysin und Methionin, sowie dem Coenzym Q10.<\/p>\n<h5><a href=\"https:\/\/www.plantavis.ch\/de\/produkte\/kinderwunsch\/Mama-Gut-Kapseln\/?oid=3291&amp;lang=de\">Mama Gut Kapseln<\/a><\/h5>\n<p>Als Kombination zu den Kinderwunsch Kapseln f\u00fcr die Frau gibt es die\u00a0<a href=\"https:\/\/www.plantavis.ch\/de\/produkte\/kinderwunsch\/Mama-Gut-Kapseln\/?oid=3291&amp;lang=de\">Mama Gut Kapseln<\/a>\u00a0zur N\u00e4hrstoffversorgung vom Kinderwunsch bis Stillzeit<\/p>\n<h5>Damit der Kinderwunsch nicht unerf\u00fcllt bleibt<\/h5>\n<p>Zur Erf\u00fcllung eines Kinderwunsches geh\u00f6ren immer zwei. Wichtig ist nat\u00fcrlich, dass bei beiden Partnern alle Voraussetzungen f\u00fcr eine erfolgreiche Zeugung beziehungsweise Empf\u00e4ngnis erf\u00fcllt sind. In sehr vielen Punkten decken sich hier die Bed\u00fcrfnisse von Mann und Frau. Eine gesunde Lebensweise mit einer ausgewogenen Ern\u00e4hrung, viel Bewegung, wenig Stress und Alkohol &#8211; aber auch ein vorsichtiger Umgang mit Medikamenten &#8211; geh\u00f6ren sicher bei beiden dazu. So werden die Chancen f\u00fcr den Eintritt einer Schwangerschaft erh\u00f6ht.<\/p>\n<p>Es ist kein Geheimnis, dass unser moderner Lebensstil nicht unbedingt zur Erf\u00fcllung eines Kinderwunsches beitr\u00e4gt: Stress und Hektik pr\u00e4gen vielfach unseren Alltag; Paare, die ein Kind erwarten, haben Sorgen um ihre Jobs, um Betreuungsm\u00f6glichkeiten f\u00fcr das Kind und um ihre finanzielle Zukunft; und viele entscheiden sich aus guten Gr\u00fcnden erst sp\u00e4t daf\u00fcr, Kinder zu bekommen, obwohl die Fruchtbarkeit einer Frau ab dem Alter von 30 Jahren abnimmt.<\/p>\n<p>Ung\u00fcnstige Faktoren wie diese lassen sich durch die PlantaVis-Kinderwunsch-Kapseln nicht wegzaubern. Doch die enthaltenen Pflanzenextrakte und\u00a0Vitamine\u00a0k\u00f6nnen dabei helfen, die normalen Funktionen des weiblichen K\u00f6rpers zu unterst\u00fctzen und gute Bedingungen f\u00fcr den Eintritt einer Schwangerschaft zu schaffen.<\/p>\n<h5>Kontrollierte Qualit\u00e4t der Rohstoffe<\/h5>\n<p>Die N\u00e4hrstoffe der PlantaVis-Kapseln f\u00fcr die Frau mit Kinderwunsch k\u00f6nnen f\u00fcr Paare wertvolle Begleiter sein auf ihrem Weg, eine Familie zu werden. Alle Bestandteile werden auf schonende Weise gewonnen. Die Rohmaterialien werden streng kontrolliert und nach hohen Fertigungsstandards verarbeitet.<\/p>\n<h5>Tipp:<\/h5>\n<p>Bleibt der Kinderwunsch eines Paares unerf\u00fcllt, kann auch der Mann etwas tun und auf nat\u00fcrliche Weise seine Fruchtbarkeit unterst\u00fctzen. Die\u00a0PlantaVis\u00a0<a href=\"https:\/\/www.plantavis.ch\/de\/produkte\/kinderwunsch\/Kinderwunsch-Mann\/?oid=1971&amp;lang=de\">Kinderwunsch-Kapseln f\u00fcr den Mann<\/a>\u00a0enthalten eine passende Kombination aus Vitaminen, Mineralstoffen und Spurenelementen.<\/p>\n<p><strong>Anwendung:<\/strong><\/p>\n<p>T\u00e4glich eine\u00a0Kapsel (Schweiz), drei Kapseln (EU) mit ausreichend Fl\u00fcssigkeit nach dem Fr\u00fchst\u00fcck oder Mittagessen einnehmen.\u00a0Die Produkte sollten langfristig und konsequent angewandt werden, denn nur so ist es gew\u00e4hrleistet, dass die hochwertigen Wirkstoffe die gew\u00fcnschten Ergebnisse erzielen.<br \/>\nEine Dose reicht f\u00fcr einen Monatsbedarf und ist f\u00fcr eine dauerhafte Anwendung geeignet.<\/p>\n<p>Anwendungsdauer Empfehlung:\u00a0mindestens eine vier-Monatekur.<\/p>\n<p><strong>Zutaten:<\/strong><\/p>\n<p>Macawurzel Pulver (49% Anteil), Kapselh\u00fclle: Hydroxypropyl-methylcellulose, L-Carnitintartrat, Eisenkraut Pulver, M\u00f6nchspfeffer Pulver (50mg pK), mittelkettige Triglyceride \u00d6l (MCT), Zinkcitrattrihydrat, Vitamin E, Vitamin B3, Coenzym Q10 (Ubiquinon), Vitamin B6, Vitamin B12, schwarzer Pfeffer Extrakt (Bioperine\u00ae), Fols\u00e4ure<\/p>\n<ul>\n<li>Vitamin B6 tr\u00e4gt zur Regulierung der Hormont\u00e4tigkeit bei<\/li>\n<li>Folat hat eine Funktion bei der Zellteilung<\/li>\n<li>Vitamin E tr\u00e4gt dazu bei, die Zellen vor oxidativem Stress zu sch\u00fctzen<\/li>\n<li>Zink tr\u00e4gt zu einer normalen Fruchtbarkeit und einer normalen Reproduktion bei<\/li>\n<li>Zink und Vitamin B12 haben\u00a0eine Funktion bei der Zellteilung<\/li>\n<\/ul>\n<p><strong>Zusammensetzung:<\/strong><\/p>\n<table border=\"0\" cellspacing=\"1\" cellpadding=\"5\">\n<tbody>\n<tr>\n<td>Zusammensetzung<\/td>\n<td>pro Tagesdosis 1 Kaspel<\/td>\n<td>RM (%)<\/td>\n<\/tr>\n<tr>\n<td>M\u00f6nchspfeffer<\/td>\n<td>50.00 mg<\/td>\n<td>**<\/td>\n<\/tr>\n<tr>\n<td>Macawurzel Pulver<\/td>\n<td>285.00 mg<\/td>\n<td>**<\/td>\n<\/tr>\n<tr>\n<td>Niancin\u00a0(Vitamin B3)<\/td>\n<td>5.00 mg NE<\/td>\n<td>31.25 %<\/td>\n<\/tr>\n<tr>\n<td>Zink<\/td>\n<td>4.82 mg<\/td>\n<td>48.22 %<\/td>\n<\/tr>\n<tr>\n<td>Vitamin E<\/td>\n<td>1.70 mg a-TE<\/td>\n<td>14.23 %<\/td>\n<\/tr>\n<tr>\n<td>Vitamin B6<\/td>\n<td>0.98 mg<\/td>\n<td>70.28 %<\/td>\n<\/tr>\n<tr>\n<td>Fols\u00e4ure;\u00a0Vitamin B9<\/td>\n<td>190.00\u00a0\u03bcg<\/td>\n<td>95.00 %<\/td>\n<\/tr>\n<tr>\n<td>Vitamin B12<\/td>\n<td>0.95 \u03bcg<\/td>\n<td>38.00 %<\/td>\n<\/tr>\n<tr>\n<td>Carnitintartrat<\/td>\n<td>52.33 mg<\/td>\n<td>**<\/td>\n<\/tr>\n<tr>\n<td>Coenzym Q10<\/td>\n<td>1.66 mg<\/td>\n<td>**<\/td>\n<\/tr>\n<tr>\n<td><\/td>\n<td><\/td>\n<td><\/td>\n<\/tr>\n<tr>\n<td colspan=\"3\">RM(%): Referenzmengen (f\u00fcr den durchschnittlichen Erwachsenen) nach LMIV<\/p>\n<p>**keine Referenzmenge vorhanden<\/td>\n<\/tr>\n<\/tbody>\n<\/table>\n<p>Hinweis:<\/p>\n<p>Die angegebene empfohlene t\u00e4gliche Verzehrsmenge darf nicht \u00fcberschritten werden. Nahrungserg\u00e4nzungsmittel sollten nicht als Ersatz f\u00fcr eine ausgewogene und abwechslungsreiche Ern\u00e4hrung verwendet werden. Ausserhalb der Reichweite von Kindern aufbewahren.\u00a0Lagern Sie das Produkt trocken, lichtgesch\u00fctzt und nicht \u00fcber 25\u00b0C.<\/p>\n<p>Personen, die an einer Form von \u00f6strogensensitivem Krebs erkrankt sind, sollten vorher den Arzt konsultieren. Nicht w\u00e4hrend der Schwangerschaft oder Stillzeit nehmen.<\/p>\n<p>Benutzen Sie dieses Produkt nicht, wenn das Sicherheitssiegel besch\u00e4digt ist.<\/p>\n","protected":false},"excerpt":{"rendered":"<p>Gutes f\u00fcr die Frau\u00a0mit Kinderwunsch Vitamin B6 tr\u00e4gt zur Regulierung der Hormont\u00e4tigkeit bei. Nahrungserg\u00e4nzungsmittel mit Zink, Vitamin E, Niacin, Vitamin B6, Vitamin B12, Fols\u00e4ure\u00a0und Mineralstoffen, Macawurzel Pulver (49% Anteil), Kapselh\u00fclle: Hydroxypropylmethylcellulose, L-Carnitintartrat,\u00a0Eisenkraut Pulver, M\u00f6nchspfeffer Pulver (50mg pK),\u00a0mittelkettige Triglyceride \u00d6l (MCT), Zinkcitrattrihydrat,\u00a0D-alpha-Tocopherolacetat, Coenzym Q10 (Ubiquinon), Nicotinamid,\u00a0Pyridoxinhydrochlorid, Cyanocobalamin 0,1% auf Mannit,\u00a0schwarzer Pfeffer Extrakt (Bioperine \u00ae), Pteroylmonoglutamins\u00e4ure (Fols\u00e4ure)\u00a0&#8211; &hellip;<\/p>\n<p class=\"read-more\"> <a class=\"\" href=\"https:\/\/schmecktbesser.ch\/index.php\/product\/kinderwunsch-kapseln-fuer-die-frau-folat-hat-eine-funktion-bei-der-zellteilung-30-tage-versorgung-inhalt-90-kapseln-fuellmenge-5232-g\/\"> <span class=\"screen-reader-text\">Kinderwunsch Kapseln f\u00fcr die Frau Folat hat eine Funktion bei der Zellteilung Inhalt: 90 Kapseln | F\u00fcllmenge: 52,32g.<\/span> Weiterlesen &raquo;<\/a><\/p>\n","protected":false},"featured_media":7224,"template":"","meta":{"site-sidebar-layout":"default","site-content-layout":"default","ast-global-header-display":"","ast-main-header-display":"","ast-hfb-above-header-display":"","ast-hfb-below-header-display":"","ast-hfb-mobile-header-display":"","site-post-title":"","ast-breadcrumbs-content":"","ast-featured-img":"","footer-sml-layout":"","theme-transparent-header-meta":"default","adv-header-id-meta":"","stick-header-meta":"","header-above-stick-meta":"","header-main-stick-meta":"","header-below-stick-meta":""},"product_brand":[],"product_cat":[15,270],"product_tag":[],"class_list":{"0":"post-7223","1":"product","2":"type-product","3":"status-publish","4":"has-post-thumbnail","6":"product_cat-uncategorized","7":"product_cat-nahrungsergaenzung","8":"desktop-align-center","9":"tablet-align-center","10":"mobile-align-center","12":"first","13":"instock","14":"taxable","15":"shipping-taxable","16":"purchasable","17":"product-type-simple"},"_links":{"self":[{"href":"https:\/\/schmecktbesser.ch\/index.php\/wp-json\/wp\/v2\/product\/7223","targetHints":{"allow":["GET"]}}],"collection":[{"href":"https:\/\/schmecktbesser.ch\/index.php\/wp-json\/wp\/v2\/product"}],"about":[{"href":"https:\/\/schmecktbesser.ch\/index.php\/wp-json\/wp\/v2\/types\/product"}],"wp:featuredmedia":[{"embeddable":true,"href":"https:\/\/schmecktbesser.ch\/index.php\/wp-json\/wp\/v2\/media\/7224"}],"wp:attachment":[{"href":"https:\/\/schmecktbesser.ch\/index.php\/wp-json\/wp\/v2\/media?parent=7223"}],"wp:term":[{"taxonomy":"product_brand","embeddable":true,"href":"https:\/\/schmecktbesser.ch\/index.php\/wp-json\/wp\/v2\/product_brand?post=7223"},{"taxonomy":"product_cat","embeddable":true,"href":"https:\/\/schmecktbesser.ch\/index.php\/wp-json\/wp\/v2\/product_cat?post=7223"},{"taxonomy":"product_tag","embeddable":true,"href":"https:\/\/schmecktbesser.ch\/index.php\/wp-json\/wp\/v2\/product_tag?post=7223"}],"curies":[{"name":"wp","href":"https:\/\/api.w.org\/{rel}","templated":true}]}}